late the remainder when 29 is divided by x.
1
Suppose 0 = d + 3*a - 136 - 7, 0 = -2*d - a + 311. What is the remainder when d is divided by 27?
23
Let l = -13 + 37. Calculate the remainder when l is divided by 9.
6
Suppose 18*c + 2*c = 660. What is the remainder when c is divided by ((-34)/6)/((-1)/3)?
16
Calculate the remainder when (1 - -1)/((48/45)/8) is divided by 0 - 0/2 - -9.
6
Suppose 4*a - 213 = -65. Calculate the remainder when a is divided by 10.
7
Let v(l) = -18*l**3 + l**2 + 2*l + 1. Calculate the remainder when v(-1) is divided by 12 + 1*(-4 + 2).
8
Suppose 5*m + 24 = 79. What is the remainder when (-2)/6 - 260/(-6) is divided by m?
10
Let p be -6 + 3/(-3)*-1. Let c = p - -6. What is the remainder when 2 is divided by c?
0
Suppose 4*n - 4*f = 304, 2*n + 5*f - 138 = -0*n. Suppose n - 2 = x. What is the remainder when x is divided by 25?
22
Suppose 4*q + 0*q - 2*r - 518 = 0, 2*r - 385 = -3*q. What is the remainder when q is divided by 26?
25
Let y be 27/6*32/3. Suppose 2*v = v + 5*g + y, 0 = -3*v + 3*g + 108. What is the remainder when 129 is divided by v?
30
Let d(p) = p + 21. Calculate the remainder when 32 + 1 + -6 + 2 is divided by d(-13).
5
Suppose -10 = -0*r - 5*r. Let s = -4 + 9. Suppose s*x - 20 = 2*x + 5*j, -4*x + 17 = 3*j. Calculate the remainder when x is divided by r.
1
Suppose -5*n = -244 + 49. What is the remainder when n is divided by 14?
11
Suppose d - 29 = 4*k, -1 + 8 = -2*d - 5*k. Let y(g) = g**2 - 9*g + 1. What is the remainder when 2 is divided by y(d)?
0
Suppose 3 = 4*q + 7. Let k(z) = -z + 4. Calculate the remainder when ((2 + -1)*-11)/q is divided by k(-2).
5
Let q be (1 + 1)*-1 + 10. Suppose -q = -5*k + k. Suppose 4*y - 54 + 20 = -k*h, -5*y + h + 32 = 0. Calculate the remainder when y is divided by 4.
3
Suppose 2*j - 4 = 82. Suppose -r - 2 = y + r, 5*y - 2*r - 14 = 0. Let m(c) = 5*c**2 - 4*c + 3. What is the remainder when j is divided by m(y)?
13
Let i(z) be the second derivative of -z**4/12 + 5*z**3/3 + 8*z**2 - z. What is the remainder when 18 is divided by i(11)?
3
Let d = 107 - 91. Calculate the remainder when d is divided by 10.
6
Let z(h) = h**2 + 6*h + 6. Let p be z(-6). Calculate the remainder when 369/15 - p/(-15) is divided by 9.
7
Calculate the remainder when 22 is divided by 8/(-14)*(-6 - 8).
6
Calculate the remainder when 48 is divided by (3/(-1 + 10))/(4/156).
9
Let s = 19 + -15. Suppose 0 = -4*o - 3*k + 11 + 10, -4*k + 15 = o. What is the remainder when s is divided by o?
1
Let a = 31 + -18. What is the remainder when 159/7 - 6/(-21) is divided by a?
10
Let y(k) = -k**2 - 10*k + 11. Let n be y(-11). Suppose 3 = v - n*v. Calculate the remainder when 7 is divided by v.
1
Suppose 0 = -3*r + 5*r + 16. Let n = r - -5. Calculate the remainder when n + (3 - 42/(-1)) is divided by 22.
20
Let n = 12 + -2. What is the remainder when 26 is divided by n?
6
Suppose 3*y = 7*y - 372. Let j = 154 - y. Calculate the remainder when j is divided by 21.
19
Suppose -4*o - 68 = 4*w, 5*w + 2*o = -80 + 7. Let z = w + 24. Calculate the remainder when 21 is divided by z.
10
Suppose -3*j + 825 = 12*j. What is the remainder when j is divided by 14?
13
Suppose 189 = -5*m + 2*m + 5*b, 4*m - 5*b = -257. Let c = -24 - m. Suppose 81 = 5*f - c. Calculate the remainder when f is divided by 13.
12
Suppose 39 - 6 = 3*x. Calculate the remainder when 52 is divided by x.
8
Let u(p) = p**3 - 7*p**2 - 5*p - 11. Calculate the remainder when 24 is divided by u(8).
11
Let h(j) = 8*j**2 - 3*j - 5. Let d be h(-4). Calculate the remainder when 2/(546/d + -4) is divided by 12.
9
Let l(x) = -x**2 - 5*x + 3. Calculate the remainder when 20 is divided by l(-4).
6
Suppose 3*h = 0, -k = 4*k + 2*h - 30. Suppose 0 = s + k - 18. Calculate the remainder when s is divided by 8.
4
Let j(r) = -4*r**3 - r**2 + 3*r + 1. What is the remainder when 68 is divided by j(-2)?
22
Suppose 0 = -4*n - 10 + 54. Let d = -522 - -554. Calculate the remainder when d is divided by n.
10
Let o(p) = 7*p - 19. Suppose -68 - 87 = 5*q. Let c = q - -48. What is the remainder when c is divided by o(4)?
8
Let t(v) = -11*v + 6*v**2 - 4*v - 7*v**2. Calculate the remainder when t(-11) is divided by 9.
8
Suppose -48 = 5*b - 3*x, 4*b + 5*x + 33 = 2*x. Let w(n) = n + 12. Calculate the remainder when 5 is divided by w(b).
2
Let n(o) = o**3 + 3*o**2 + o. Let i be n(-2). Let u = 0 + 1. Calculate the remainder when (-41)/((i - u)*-1) is divided by 14.
13
Let c be 0 - -2 - 1 - 2. Let p(n) = -24*n - 68. Let w(f) = f + 3. Let x(u) = 6*p(u) + 136*w(u). What is the remainder when 22 is divided by x(c)?
6
Suppose -5*o - 2*w + 10 = 0, 3*o + 5*w = -2*o - 5. Suppose -2*j = 2*v - 10, -4*j + v + 22 = 4*v. Calculate the remainder when j is divided by o.
3
Calculate the remainder when 21 is divided by 2/(-17) - 4140/(-510).
5
Let y(d) = -d + 61. Calculate the remainder when 83 is divided by y(18).
40
Let o = -2 - -8. Calculate the remainder when 0 + 9 - (0 + 0) is divided by o.
3
Suppose -3*o = -3*y - 15, 5*o = -4*y + 11 + 14. Suppose -g - 3 + 11 = y. Calculate the remainder when g is divided by 5.
3
Suppose -2*q - 9 = -5*q. Suppose 72 = q*j - 30. What is the remainder when j is divided by 12?
10
Let j = 1 + -17. Let c be (-8)/j*4*27. Suppose v + c = 5*k, -3*k + 4*v + 50 = -v. Calculate the remainder when 18 is divided by k.
8
Let c = 44 + -10. What is the remainder when c is divided by 20?
14
Let d(m) = 2*m**3 - 2 - 3*m**2 - 4*m + 2*m**3 + 7*m. Calculate the remainder when 45 is divided by d(2).
21
Suppose 0 = 8*s - 68 - 124. Calculate the remainder when 69 is divided by s.
21
Suppose -o - 39 = -2*o. What is the remainder when 114 is divided by o?
36
Let v = -31 - -63. What is the remainder when v is divided by 11?
10
Let a(t) = 3*t + 56. Calculate the remainder when a(8) is divided by 27.
26
Suppose 0 = -5*s - 8 + 23. Suppose 5*l = 15, 2*m + 2*l + s = 5*m. Let c = 16 + -11. What is the remainder when c is divided by m?
2
Suppose 5*w = -h + 82 - 17, 4*w + h = 53. Suppose -2*d + w = -40. Calculate the remainder when d is divided by 14.
12
Suppose -5*q - 4*z + 105 = 0, -z + 26 = 4*q - 47. Calculate the remainder when 134 is divided by q.
15
Let f be (-2)/13 - (-201)/39. Let d(q) = 2*q**3 - 4*q**2 + 2*q + 2. Calculate the remainder when ((-11)/(-1))/(5/f) is divided by d(2).
5
Suppose -u + 6*u - 200 = 0. What is the remainder when u is divided by 14?
12
Let v be 1/(-3) + 17/(-3). Let s be 8/v*(-21 + 0). Suppose k - s = 5*a, 4*a = -4*k + 3*k + 1. Calculate the remainder when 37 is divided by k.
11
Let g be (-100)/((0 + 1)/(-1)). What is the remainder when 39 is divided by (-4)/14 - g/(-7)?
11
Suppose -3*p + 277 = p - 3*u, 5*u - 5 = 0. What is the remainder when p is divided by 39?
31
Suppose -3*h + h + 3*l = 59, 4*h = 4*l - 120. Let g = 46 + h. Calculate the remainder when 24 is divided by g + (-4)/6*3.
11
Suppose 1 = -3*y + 2*v, -y + 5*v - 6 = 3*y. Suppose 24*c - 1094 = 106. Calculate the remainder when c is divided by -1*y*-1*26.
24
Let x = 92 + -46. Suppose 0*t - 3*p = -5*t + 18, 5*p = -4*t + 7. Suppose -t*w + 80 = 2*w. Calculate the remainder when x is divided by w.
14
Suppose 5*k = 2*z + 3, 8*z - 3*z = -4*k - 24. What is the remainder when 4 - (-2)/k - -48 is divided by ((-4)/(-16))/((-2)/(-136))?
16
Suppose 4*w + 37 = -x, -2*x + w + 0*w = 92. Suppose -z + 14 - 4 = 0. Calculate the remainder when ((-36)/15)/(6/x) is divided by z.
8
Let k = -8 + 20. What is the remainder when 57 is divided by k?
9
Let c be 12/2*4/8. Suppose -2*f - c*f = 20. Calculate the remainder when 25 is divided by ((-26)/(-8))/((-1)/f).
12
Suppose 10 + 5 = 5*c. Suppose 3 + 18 = 4*x - c*w, 13 = 2*x - w. What is the remainder when x is divided by 4?
1
What is the remainder when (-1)/(-2) - (-744)/48 is divided by 2?
0
Suppose 48 = 3*r - 0*r. Let s = 17 + -8. What is the remainder when r is divided by s?
7
Suppose 3*t + 6*v = 5*v + 39, 2*t = -4*v + 26. Calculate the remainder when 38 is divided by t.
12
Suppose -5*m - 4*r + 5 = -0*m, m + 28 = 5*r. Let p(a) = -a**3 - a**2 + 2*a + 3. Calculate the remainder when 28 is divided by p(m).
13
Suppose 1 = 2*j - 13. Suppose 5*b + 8 = j*b. Suppose -w - 219 = -b*z, -3*z = -z + 4*w - 114. Calculate the remainder when z is divided by 19.
17
Suppose -8 = -5*p + 137. Let l = -20 + p. Calcula